102202424
In base 11, what is 107 - 127467?
-127360
In base 15, what is -118b72ea - 5?
-118b7300
In base 6, what is -4 - 121044?
-121052
In base 16, what is -3 - -4853c0?
4853bd
In base 9, what is -723 - 20534?
-21357
In base 13, what is 1 + -5c33b30?
-5c33b2c
In base 13, what is -4 + 87726c?
877268
In base 10, what is 20 + 4396559?
4396579
In base 8, what is 127466334 - 4?
127466330
In base 16, what is 2 - 4800fe4?
-4800fe2
In base 8, what is -23 - -747534?
747511
In base 15, what is -1670a92 - -4?
-1670a8d
In base 6, what is -354414424 - -4?
-354414420
In base 12, what is -33 - 2149351?
-2149384
In base 9, what is 561614 - 808?
560705
In base 10, what is 9 - -150898?
150907
In base 9, what is -4 + 4353137?
4353133
In base 10, what is 0 - 2631877?
-2631877
In base 11, what is 56246 - -6a?
56305
In base 9, what is 1131041 + -22?
1131018
In base 11, what is -22 + 327287a?
3272858
In base 8, what is 7 + 5147452?
5147461
In base 5, what is 122144123 + 0?
122144123
In base 13, what is -1a - a17768c?
-a1776a9
In base 10, what is 388906 + -57?
388849
In base 8, what is 2455021 + 56?
2455077
In base 15, what is 41dd74 + 4?
41dd78
In base 16, what is 72538c - -1?
72538d
In base 5, what is -1110220330330 - 3?
-1110220330333
In base 14, what is -24bd687 - 5?
-24bd68c
In base 5, what is 3 + -1011202320?
-1011202312
In base 6, what is 10001041 + 50?
10001131
In base 14, what is 2 + a97bb?
a97bd
In base 16, what is 1cf44c + -7?
1cf445
In base 4, what is 2 + 21031303030110?
21031303030112
In base 2, what is -100 - -1000101010001011111110001011?
1000101010001011111110000111
In base 3, what is -2 + -21100102110101121?
-21100102110101200
In base 16, what is -1844fe - -6?
-1844f8
In base 12, what is -74482 + 104?
-7437a
In base 15, what is 17 + 450cc?
450e4
In base 2, what is 11110100000 - -101010000011?
1001000100011
In base 9, what is -65866218 - -5?
-65866213
In base 10, what is -40 + -462477?
-462517
In base 4, what is 10 + -10123302031?
-10123302021
In base 13, what is 2a + -1a793a?
-1a7910
In base 4, what is -113001121233 + 131?
-113001121102
In base 13, what is 1 - 37b1a004?
-37b1a003
In base 11, what is -14875a76a - -5?
-14875a765
In base 15, what is -1c62 + -18?
-1c7a
In base 2, what is -1110000111011010000 + 110111?
-1110000111010011001
In base 10, what is 23 - -3653305?
3653328
In base 2, what is -1000111101001100 - 1100110?
-1000111110110010
In base 11, what is -6 + 4210a7?
4210a1
In base 4, what is 1112 + 31111311223?
31111313001
In base 2, what is 1 + 1010110010111000000?
1010110010111000001
In base 16, what is 5d4c + -31?
5d1b
In base 11, what is 3aa74 + 256?
4021a
In base 11, what is -173912 + -140?
-173a52
In base 16, what is fd08b - 1?
fd08a
In base 9, what is -1 + -30400171?
-30400172
In base 11, what is 13a32 - -9935?
22867
In base 7, what is -3341043 - 45?
-3341121
In base 4, what is -3 - -22330002110?
22330002101
In base 10, what is 15 + -6595223?
-6595208
In base 4, what is -1103 - -1312313?
1311210
In base 13, what is 2 + 82630c1?
82630c3
In base 9, what is 806 + -10227?
-8321
In base 9, what is 1322611535 - -5?
1322611541
In base 7, what is -1061 - -122446?
121355
In base 14, what is a26062 - 1?
a26061
In base 11, what is 8402 - 147?
8266
In base 15, what is -94 + 3259?
31b5
In base 16, what is 1 + -22b734?
-22b733
In base 2, what is -11000000010000100000010011101 - 11?
-11000000010000100000010100000
In base 2, what is -1010101111111011010 + -1001011?
-1010110000000100101
In base 9, what is -22 + 5043?
5021
In base 4, what is 202033 - 3201031?
-2332332
In base 11, what is 1208 + 12944?
14051
In base 16, what is 4 + -4e5a99?
-4e5a95
In base 2, what is 1 - -10001101000010001000101101001?
10001101000010001000101101010
In base 10, what is -11 + 329726?
329715
In base 11, what is 39a33 + -5a18?
34016
In base 16, what is 3 + -34b9a?
-34b97
In base 5, what is -10400042314 - -230?
-10400042034
In base 4, what is 30 + 3202230122003?
3202230122033
In base 12, what is -8050821 + -6?
-8050827
In base 9, what is 68500536 - -2?
68500538
In base 9, what is -336237 - -1028?
-335208
In base 12, what is 115963b + 1a?
1159659
In base 5, what is -3220034 + 1124?
-3213410
In base 2, what is -1010001001 - 10010011101000100?
-10010100111001101
In base 4, what is -33103 - -3312001?
3212232
In base 4, what is 101 + 2101111010?
2101111111
In base 7, what is -14655103 + -22?
-14655125
In base 7, what is -6 + -145623202?
-145623211
In base 13, what is -2a56 - -1c40?
-b16
In base 9, what is -140134475 + 1?
-140134474
In base 8, what is -434 + 632402?
631746
In base 10, what is 301 - 2206163?
-2205862
In base 7, what is 61531 + 32441?
124302
In base 13, what is -2240c9 + 4?
-2240c5
In base 6, what is -114333 + 3053?
-111240
In base 10, what is -2810 - 593?
-3403
In base 3, what is -110001020 - 10110?
-110011200
In base 5, what is 130 + 202444?
203124
In base 6, what is 152405 + 122151?
315000
In base 10, what is 6 - -636613?
636619
In base 15, what is -6d67 + c6?
-6c91
In base 8, what is 637 + 2237?
3076
In base 16, what is -1 + -3e3e1c?
-3e3e1d
In base 16, what is 5de10 + 5?
5de15
In base 12, what is -6 + 4710634?
471062a
In base 10, what is 143 - -48200?
48343
In base 2, what is 11010110101 + 10101110100010?
11001001010111
In base 10, what is -119 - -83961?
83842
In base 6, what is 3 - 433202012?
-433202005
In base 9, what is -5 - 76418585?
-76418601
In base 2, what is -10100001100 - 10000110010000?
-10011010011100
In base 15, what is -a6 - -45022?
44e6b
In base 2, what is -10011110011 + -1111000001011100?
-1111010101001111
In base 9, what is 654784 - -28?
654823
In base 14, what is 459 - 5a56?
-55db
In base 9, what is -6120 - 1816?
-8036
In base 6, what is -11053 - -150155?
135102
In base 3, what is 101212112 - 1001?
101211111
In base 8, what is 3526315 + 0?
3526315
In base 6, what is 1205535535 + 0?
1205535535
In base 4, what is -3130001003000 - 0?
-3130001003000
In base 11, what is -237160 + -913?
-237a73
In base 2, what is 10011101110110100011 + 101000?
10011101110111001011
In base 14, what is -7 + -12b2590?
-12b2597
In base 16, what is c25a02 - 2?
c25a00
In base 3, what is -21202212211 + 10222212?
-21121212222
In base 6, what is -3 - 21023233?
-21023240
In base 3, what is -2012200211221 + -1?
-2012200211222
In base 5, what is -244 - 30330242?
-30331041
In base 2, what is -11110010000101111110 - -1000?
-11110010000101110110
In base 12, what is -910 + 1a309b?
1a238b
In base 15, what is 2c2ddc + 1ac?
2c3099
In base 13, what is 614b2 + -629?
60b86
In base 8, what is 4 + 2060031?
2060035
In base 15, what is 4 + 55ca3b9?
55ca3bd
In base 6, what is 31 - 30121133?
-30121102
In base 14, what is a11 - -c65?
1876
In base 7, what is 0 - 26241614?
-26241614
In base 7, what is 650 + -15354?
-14404
In base 15, what is -5 + -26b0a46?
-26b0a4b
In base 10, what is -4 + 10287839?
10287835
In base 11, what is -3 - 11927247?
-1192724a
In base 11, what is -68760604 - 3?
-68760607
In base 5, what is 11 + 244043401?
244043412
In base 16, what is -f112 - -18b?
-ef87
In base 14, what is -14ac6 + -dd?
-14bc5
In base 10, what is 455001655 + 0?
455001655
In base 2, what is 101101111111001000 + 1111010100?
101110001110011100
In base 16, what is -6c75a + 176?
-6c5e4
In base 2, what is -11 + 1010100111000011100111110?
1010100111000011100111011
In base 13, what is 2145 - -46463?
485a8
In base 11, what is 67264 + -2a4?
66a70
In base 11, what is -2 - 588334?
-588336
In base 16, what is -1683 + -11c?
-179f
In base 6, what is 334400110 - 5?
334400101
In base 2, what is -110111011001010110 - 101100010010?
-111000000101101000
In base 10, what is 12287 + -1743?
10544
In base 2, what is -1011000 + -1100011111111?
-1100101010111
In base 15, what is -3 - 41ab96b?
-41ab96e
In base 5, what is 1011103431 - -1?
1011103432
In base 15, what is 11 + 1d3bdd?
1d3bee
In base 16, what is -6 + -2d5e9?
-2d5ef
In base 16, what is 4d - 419b?
-414e
In base 12, what is -7 + 666868?
666861
In base 8, what is -157 - -517355?
517176
In base 6, what is -3 - -145202511?
145202504
In base 7, what is 2 + 4164615?
4164620
In base 7, what is -6022451563 + -1?
-6022451564
In base 3, what is -2122 - 10022220101101?
-10022220111000
In base 4, what is -22 - -2030013333011?
2030013332323
In base 12, what is 177 - 2a3950?
-2a37